s(-5). Let f = 56 - m. What is the remainder when n is divided by f?
30
Let m(y) = 2*y**2 + y - 8. Let s be ((-1)/2)/(((-11)/(-6))/11). Calculate the remainder when m(s) is divided by 5.
2
Suppose -9*q + 86 + 22 = 0. Let d(v) = 5*v**2 - 3*v - 1. What is the remainder when d(3) is divided by q?
11
Suppose v - 17 = -4*r, 0 = -4*v + 2*r + 36 + 50. Suppose 4*d = 5*b + 240, -4*b - 24 = -2*d + 96. Calculate the remainder when d is divided by v.
18
Let o(s) = s**2 - 3*s + 1. Calculate the remainder when (-1990)/(-55) - 1/(-22)*-4 is divided by o(-3).
17
Suppose 3*a + 0 - 36 = 0. Suppose -a + 2 = -h. Suppose -4*b - 42 = -2*f, 2*f + 12 = -4*b + 38. Calculate the remainder when f is divided by h.
7
Let x(p) = -p**3 + 10*p**2 + 19*p - 1. What is the remainder when x(10) is divided by 63?
0
Calculate the remainder when (1680/4)/(-5)*(-12)/36 is divided by 12.
4
Let q = -2 - -8. What is the remainder when 0/q - 222/(-2) is divided by 38?
35
Let k(z) = 17*z**2 - z - 1. Let x = -70 + 153. Calculate the remainder when x is divided by k(-1).
15
Let x = -35 + 68. Suppose -3*l + 6 = -x. Let r(m) = 8*m**2 - 4*m - 3. What is the remainder when r(-2) is divided by l?
11
Let z = -61 - -24. Let y = 45 + z. What is the remainder when 23 is divided by y?
7
Suppose -2*b + 234 = b. Let v = -62 + 177. Let l = v - b. What is the remainder when l is divided by 10?
7
Let s be 4/(-10) - (-16)/40. Suppose -4*x + 5*r + 63 = s, -5*x + 52 = -4*r - 20. Suppose 54 = 3*c + x. What is the remainder when 25 is divided by c?
11
Suppose 2*l = -3*h + 33, -2*l = -6*l. Let z = 22 - -6. Calculate the remainder when z is divided by h.
6
Let i(n) = 12*n - 6. Let z be i(7). Suppose -2*l = 26 - z. What is the remainder when 77 is divided by l?
25
Suppose 3*p - 192 = 2*p. Suppose -3*r = -6*r + p. Calculate the remainder when r is divided by 17.
13
Suppose 0 = 8*m - 188 - 156. Suppose -5*f + 20 = -5*d, -2*f - d - 16 = 3*d. Suppose -66 = -f*v - 3*v. What is the remainder when m is divided by v?
21
Let d = -65 - -68. Calculate the remainder when 33 is divided by d.
0
Let o = 1057 + 322. What is the remainder when o is divided by 23?
22
Suppose -4*p + 13 = -3. Let x(h) = 5*h + 2. Let a(g) = 6*g + 69. What is the remainder when a(3) is divided by x(p)?
21
Let v(k) = -2*k + 37. Let s(n) = n**2 + 3*n - 4. Let f be s(-5). Let h = 6 - f. What is the remainder when v(h) is divided by 13?
11
Calculate the remainder when 221 is divided by (-3 + (-15)/(-6))/(2/(-148)).
36
Let a(n) = 17*n + 16*n**2 - 8*n**3 + 5*n + 7*n**3 + 4 - n. What is the remainder when a(17) is divided by 37?
35
Suppose 4*s = 3*r + 155, s - 10*r + 9*r - 39 = 0. Calculate the remainder when 118 is divided by s.
4
Let z(a) = 46*a**2 + 1. Suppose 2*i = -i - 3. What is the remainder when z(i) is divided by 17?
13
Let p = -59 - -139. Let a = p - 52. Calculate the remainder when a is divided by 11.
6
Suppose -16*g = -8*g - 120. Suppose -u + 74 = 18. What is the remainder when u is divided by g?
11
Suppose -998 = -9*g - 4184. Let u = -134 - g. Calculate the remainder when 20 is divided by 5/((u/(-24))/(-11)).
2
Let k = 12 + 21. Suppose 0 = -3*p - 2*b + 35, 5*p = p + b + 32. What is the remainder when k is divided by p?
6
Let n(g) = 24*g + 56. What is the remainder when 189 is divided by n(-1)?
29
Let b(w) = w**3 + 9*w**2 - 8*w + 19. Let h be b(-11). Let y = h + 142. What is the remainder when 47 is divided by y?
5
Suppose 2*d = 4*k - 10, k = 4*d - d. Let p(v) = 249*v**2 - 2*v + 1. Let w be p(d). Calculate the remainder when (-3)/((-12)/w*1) is divided by 21.
20
Suppose -26 = -x + 2*c, c = -0 - 2. Calculate the remainder when 327 is divided by x.
19
Let y = -61 + 66. Let i(t) = -t**3 + 5*t**2 + 4*t + 11. What is the remainder when 184 is divided by i(y)?
29
Let m = 1167 - 1010. Calculate the remainder when 622 is divided by m.
151
Suppose 2*q - 47 = -3*f + 14, f = 5*q - 110. Calculate the remainder when q is divided by 4.
3
Let q be -63*((-8)/12 + 0). Calculate the remainder when (24/(-36))/((-4)/q) is divided by 15/9 + 3/9.
1
Suppose 0 = h - 1, 4*s + 9*h - 4*h - 449 = 0. Calculate the remainder when s is divided by 20.
11
Suppose -5*y = -p + 37 + 3, 4*p + 2*y - 94 = 0. Calculate the remainder when 242 is divided by p.
17
Suppose 494*q + 372 = 497*q. Calculate the remainder when q is divided by 23.
9
Suppose -92*t = -5*l - 88*t + 333, 2*l - 123 = 5*t. What is the remainder when l is divided by 28?
13
Let p = -42 + 75. Calculate the remainder when p is divided by 12.
9
Let m(x) = -40 + 70*x - 113*x + 57*x. Calculate the remainder when 76 is divided by m(4).
12
Suppose 2*f + 5*h = f + 30, f - 2*h = 16. What is the remainder when 87 is divided by f?
7
Suppose 5*n - 60 = -5*k, 5*k + 2*n - 16 = 59. Let d = 6 + k. Calculate the remainder when d is divided by 13.
10
Let v = -324 - -142. Let o = 269 + v. Calculate the remainder when o is divided by 15.
12
Let k(x) = -38*x. Let y be k(-2). Suppose 2*s + 2*s - y = 0. Calculate the remainder when s is divided by 4 + -1 + 3 + 1.
5
Suppose -3*t + 485 = 2*t. Calculate the remainder when t is divided by (-12)/(-1)*(-9)/27*-5.
17
Suppose -2*h - 800 = -4*g, -1009 = -5*g - 9*h + 7*h. Calculate the remainder when g is divided by 12.
9
Suppose -3*g + 22 = -a, 0 = a + 2*g - 4*g + 23. Calculate the remainder when ((-15)/a)/(-1)*-50 is divided by 17.
13
Suppose -h - 12 = -8. What is the remainder when ((-13)/3)/(h/36) is divided by 20/7*(-28)/(-8)?
9
Let o = -88 - -87. Calculate the remainder when o/((-393)/(-99) - 3 - 1) is divided by 7.
5
Let f(n) = -3*n**3 + n**2 + 3*n - 1. Let d be f(-3). Suppose 5*g - 95 - d = 0. Calculate the remainder when 137 is divided by g.
32
Let o = -347 - -155. Calculate the remainder when 17 is divided by (-8)/76 + o/(-19).
7
Let q(u) = 26*u + 300. What is the remainder when 359 is divided by q(-11)?
9
Suppose 3*q - 80 = -q - 2*u, 2*q - 4*u = 50. Suppose -t = 5*x - 410, -307 = -4*x - 17*t + 12*t. Calculate the remainder when x is divided by q.
20
Let u = 14 - 12. Suppose 3 = -u*q - 13. Let k(t) = -3*t - 11. Calculate the remainder when k(q) is divided by 7.
6
Suppose -6*b - 22 = -154. Calculate the remainder when 41 is divided by b.
19
Suppose 171*j + 84 = 174*j. Calculate the remainder when 123 is divided by j.
11
Calculate the remainder when 44 is divided by ((-21)/18 - (-1)/(-3))*-6.
8
Suppose g - 5*g + 68 = 0. Suppose 0 = -6*p + 5*p + 41. Suppose -3*u + 3*d + 166 = -p, 54 = u + 4*d. What is the remainder when u is divided by g?
15
Calculate the remainder when 72 - (0/6 - 6) is divided by 27.
24
Suppose 3 = 3*v + 2*y + y, -4*y - 20 = -4*v. Suppose -5*m - f + 5 = 0, 5*m - 4*f - 26 = 2*m. Calculate the remainder when (-1)/(m*2/(-12)) is divided by v.
0
Let f(l) = -l**3 - 7*l**2 - 9*l - 2. Suppose -2*b = -b - 50. Suppose -b = -i + 10. What is the remainder when i is divided by f(-6)?
12
Suppose -3*m = 5*p - 165, -10*p + 165 = -5*p - 3*m. What is the remainder when 74 is divided by p?
8
Let q be 10/25 + 127/(-5). Let g = 50 + q. What is the remainder when 173 is divided by g?
23
Let p(o) be the third derivative of o**4/8 + 2*o**3 + 8*o**2. What is the remainder when p(8) is divided by -26*(0 - 1/2)?
10
Suppose 18*q - 861 - 7671 = 0. Calculate the remainder when q is divided by 114.
18
Let t(q) = q**3 - 5*q**2 + q + 3. Let j be t(6). Suppose -7 = 7*v - 7. Let r = v + j. What is the remainder when r is divided by 8?
5
Let y(q) = 10*q**2 - 11*q - 12. Let j be y(-1). Let x be ((-18)/4)/(1/(-70)). What is the remainder when (0 - -2) + x/j is divided by 19?
18
Suppose -4*n + 72 = -2*a, -3*n - a + 30 = -34. Calculate the remainder when n is divided by 12.
8
Suppose 25*b + 7*b - 10400 = 0. What is the remainder when 326 is divided by b?
1
Let q = -5 - -12. Suppose 4*y + 1 + q = 0. Calculate the remainder when (534/24)/(y/(-8)) is divided by 23.
20
Let n = 68 + -25. Let x(l) = 3*l**2 - 265*l - 169. What is the remainder when n is divided by x(89)?
7
Suppose -3*v + 5*d = -4247, -2*d = 136*v - 133*v - 4282. Calculate the remainder when v is divided by 102.
98
What is the remainder when 16/12*(-3738)/(-28) is divided by 23?
17
Let l(g) = g**3 + 24*g**2 + 41*g + 53. Calculate the remainder when 460 is divided by l(-22).
103
Let v(c) = c**3 - 3*c**2 - 21*c - 27. Let j(i) = 18*i. Calculate the rema